 44932?
188
What is the highest common factor of 3321 and 162?
81
Calculate the highest common divisor of 2491 and 329.
47
Calculate the greatest common divisor of 252 and 585.
9
What is the greatest common factor of 135 and 1935?
45
Calculate the greatest common factor of 272 and 125936.
272
What is the greatest common divisor of 106 and 1166?
106
Calculate the greatest common divisor of 1104 and 768.
48
What is the greatest common factor of 864 and 416?
32
Calculate the greatest common factor of 310 and 110.
10
What is the greatest common divisor of 116 and 40?
4
What is the highest common divisor of 2 and 173?
1
Calculate the highest common factor of 19 and 1.
1
What is the greatest common factor of 26 and 1222?
26
What is the highest common divisor of 2723 and 21?
7
What is the greatest common divisor of 85 and 85?
85
Calculate the highest common factor of 10 and 10630.
10
Calculate the greatest common divisor of 147 and 63.
21
Calculate the highest common factor of 27 and 387.
9
Calculate the greatest common factor of 432 and 12.
12
Calculate the highest common divisor of 27 and 29.
1
What is the greatest common divisor of 117 and 7085?
13
Calculate the highest common divisor of 42 and 1533.
21
What is the greatest common factor of 8 and 68?
4
What is the highest common factor of 2465 and 1160?
145
Calculate the greatest common divisor of 108 and 24.
12
Calculate the highest common divisor of 18 and 6435.
9
Calculate the greatest common factor of 980 and 40.
20
What is the greatest common divisor of 107 and 3317?
107
What is the greatest common divisor of 275 and 100?
25
Calculate the highest common divisor of 777 and 14.
7
What is the greatest common divisor of 10424 and 8?
8
Calculate the highest common factor of 176 and 11.
11
What is the greatest common divisor of 469 and 28?
7
What is the greatest common divisor of 9204 and 156?
156
What is the greatest common factor of 154 and 88?
22
Calculate the highest common factor of 20 and 380.
20
What is the greatest common factor of 3 and 48?
3
What is the highest common factor of 6179 and 37?
37
What is the highest common divisor of 25 and 55?
5
What is the greatest common divisor of 6 and 27?
3
What is the highest common factor of 13 and 4?
1
Calculate the highest common divisor of 9921 and 3.
3
Calculate the greatest common factor of 462 and 112.
14
What is the greatest common factor of 36 and 23184?
36
Calculate the highest common factor of 684 and 36.
36
What is the highest common divisor of 6356 and 42?
14
What is the greatest common factor of 12 and 3804?
12
What is the highest common divisor of 40 and 765?
5
What is the highest common divisor of 66397 and 67?
67
What is the greatest common factor of 3565 and 155?
155
What is the highest common divisor of 112 and 32?
16
Calculate the greatest common divisor of 5 and 85.
5
What is the greatest common factor of 213 and 2059?
71
What is the greatest common factor of 153 and 2040?
51
What is the highest common divisor of 165 and 528?
33
What is the greatest common factor of 205 and 5?
5
Calculate the highest common divisor of 8346 and 13.
13
Calculate the highest common factor of 115 and 11385.
115
Calculate the highest common factor of 7 and 1141.
7
Calculate the highest common factor of 207 and 529.
23
What is the highest common divisor of 16 and 10?
2
What is the highest common factor of 32 and 6?
2
What is the greatest common divisor of 11916 and 36?
36
What is the highest common factor of 180 and 315?
45
What is the greatest common divisor of 1216 and 64?
64
Calculate the greatest common factor of 1190 and 3780.
70
What is the highest common factor of 1017 and 226?
113
What is the highest common factor of 34 and 119?
17
What is the greatest common divisor of 1134 and 42?
42
What is the greatest common divisor of 8232 and 48?
24
Calculate the greatest common divisor of 2622 and 57.
57
What is the highest common factor of 2904 and 18?
6
What is the highest common factor of 1998 and 592?
74
What is the highest common divisor of 107 and 2033?
107
Calculate the highest common divisor of 465 and 525.
15
What is the highest common factor of 1190 and 102?
34
Calculate the greatest common factor of 95 and 6.
1
Calculate the highest common divisor of 82 and 3567.
41
Calculate the greatest common factor of 122 and 6283.
61
Calculate the highest common divisor of 125 and 10.
5
Calculate the greatest common factor of 198 and 14.
2
Calculate the greatest common factor of 488 and 26.
2
What is the highest common factor of 13180 and 100?
20
Calculate the highest common divisor of 22 and 21934.
22
Calculate the highest common factor of 5 and 2095.
5
What is the greatest common factor of 676 and 130?
26
What is the highest common factor of 49 and 1813?
49
Calculate the highest common divisor of 276 and 24.
12
What is the greatest common factor of 918 and 54?
54
Calculate the highest common factor of 225 and 171.
9
What is the greatest common factor of 100 and 2775?
25
Calculate the highest common factor of 1262 and 18.
2
What is the greatest common factor of 50 and 65?
5
Calculate the greatest common factor of 50 and 2675.
25
What is the highest common divisor of 6 and 96?
6
Calculate the highest common factor of 16896 and 396.
132
What is the greatest common factor of 156 and 17212?
52
What is the highest common factor of 1287 and 65?
13
What is the highest common factor of 26 and 832?
26
Calculate the highest common divisor of 10 and 2560.
10
What is the greatest common divisor of 17025 and 75?
75
Calculate the highest common factor of 321 and 3.
3
What is the greatest common divisor of 273 and 4011?
21
What is the greatest common factor of 776 and 76?
4
What is the greatest common factor of 275 and 75?
25
What is the highest common divisor of 26 and 78?
26
Calculate the highest common divisor of 63 and 49.
7
Calculate the highest common divisor of 1443 and 312.
39
Calculate the highest common divisor of 39 and 4875.
39
Calculate the highest common factor of 37 and 1147.
37
What is the greatest common factor of 450 and 125?
25
What is the greatest common divisor of 624 and 182?
26
What is the highest common factor of 62 and 155?
31
Calculate the greatest common divisor of 75 and 5280.
15
Calculate the greatest common divisor of 133 and 152.
19
What is the highest common factor of 84 and 27069?
21
Calculate the highest common divisor of 1005 and 4623.
201
Calculate the greatest common divisor of 17 and 7327.
17
Calculate the greatest common factor of 318 and 42.
6
Calculate the highest common factor of 5719 and 2128.
133
What is the greatest common divisor of 66 and 704?
22
What is the greatest common factor of 136 and 17?
17
Calculate the highest common divisor of 8 and 512.
8
What is the greatest common divisor of 140 and 30?
10
What is the greatest common factor of 52 and 11557?
13
Calculate the highest common divisor of 40 and 60.
20
What is the highest common factor of 3056 and 16?
16
What is the greatest common factor of 114 and 38?
38
Calculate the greatest common divisor of 1386 and 3960.
198
Calculate the highest common divisor of 43750 and 70.
70
What is the highest common divisor of 152 and 24?
8
What is the greatest common factor of 80052 and 84?
84
Calculate the highest common factor of 88 and 3.
1
What is the highest common factor of 621 and 138?
69
What is the highest common factor of 220 and 44?
44
What is the greatest common factor of 29 and 3683?
29
What is the greatest common divisor of 930 and 45?
15
What is the highest common factor of 7 and 1295?
7
What is the greatest common factor of 2369 and 23?
23
What is the highest common divisor of 1956 and 12?
12
Calculate the highest common divisor of 1694 and 1210.
242
Calculate the highest common divisor of 1440 and 10656.
288
Calculate the highest common divisor of 54 and 43038.
54
What is the highest common factor of 979 and 2848?
89
What is the highest common factor of 610 and 3172?
122
What is the highest common divisor of 85 and 1105?
85
Calculate the greatest common divisor of 462 and 42.
42
Calculate the greatest common divisor of 152 and 24.
8
What is the greatest common factor of 8 and 664?
8
Calculate the highest common factor of 584 and 73.
73
What is the greatest comm